{"id":36,"date":"2025-05-14T10:43:12","date_gmt":"2025-05-14T10:43:12","guid":{"rendered":"http:\/\/127.0.0.1:8080\/index.php\/servicios\/"},"modified":"2025-05-14T10:43:14","modified_gmt":"2025-05-14T10:43:14","slug":"servicios","status":"publish","type":"page","link":"https:\/\/arantest0001.orbidi.dev\/index.php\/servicios\/","title":{"rendered":"Servicios"},"content":{"rendered":"\t\t<div data-elementor-type=\"wp-page\" data-elementor-id=\"36\" class=\"elementor elementor-36\" data-elementor-post-type=\"page\">\n\t\t\t\t<div class=\"elementor-element elementor-element-7790bcec e-flex e-con-boxed e-con e-parent\" data-id=\"7790bcec\" data-element_type=\"container\" data-settings=\"{&quot;background_background&quot;:&quot;classic&quot;}\">\n\t\t\t\t\t<div class=\"e-con-inner\">\n\t\t<div class=\"elementor-element elementor-element-500153d9 e-con-full e-flex e-con e-child\" data-id=\"500153d9\" data-element_type=\"container\">\n\t\t\t\t<div class=\"elementor-element elementor-element-3c7f9565 elementor-widget elementor-widget-heading\" data-id=\"3c7f9565\" data-element_type=\"widget\" data-widget_type=\"heading.default\">\n\t\t\t\t<div class=\"elementor-widget-container\">\n\t\t\t\t\t<span class=\"elementor-heading-title elementor-size-default\">\"Explora el Bienestar: Masajes Kobido, Reflexolog\u00eda Facial y Yoga Meditativo\"<\/span>\t\t\t\t<\/div>\n\t\t\t\t<\/div>\n\t\t\t\t<div class=\"elementor-element elementor-element-3c8cde18 elementor-widget elementor-widget-heading\" data-id=\"3c8cde18\" data-element_type=\"widget\" data-widget_type=\"heading.default\">\n\t\t\t\t<div class=\"elementor-widget-container\">\n\t\t\t\t\t<h1 class=\"elementor-heading-title elementor-size-default\">\"Renueva Tu Energ\u00eda Con Masajes Kobido, Reflexolog\u00eda Facial y Sesiones de Yoga y Meditaci\u00f3n\"<\/h1>\t\t\t\t<\/div>\n\t\t\t\t<\/div>\n\t\t\t\t<div class=\"elementor-element elementor-element-189f72a3 elementor-widget elementor-widget-text-editor\" data-id=\"189f72a3\" data-element_type=\"widget\" data-widget_type=\"text-editor.default\">\n\t\t\t\t<div class=\"elementor-widget-container\">\n\t\t\t\t\t\t\t\t\t<p>&#8220;Descubra el Equilibrio con Yoga, Masajes Kobido y Reflexolog\u00eda Facial&#8221;<\/p>\t\t\t\t\t\t\t\t<\/div>\n\t\t\t\t<\/div>\n\t\t\t\t<\/div>\n\t\t<div class=\"elementor-element elementor-element-4dd0279 e-con-full e-flex e-con e-child\" data-id=\"4dd0279\" data-element_type=\"container\">\n\t\t\t\t<div class=\"elementor-element elementor-element-5958b568 elementor-widget elementor-widget-image\" data-id=\"5958b568\" data-element_type=\"widget\" data-widget_type=\"image.default\">\n\t\t\t\t<div class=\"elementor-widget-container\">\n\t\t\t\t\t\t\t\t\t\t\t\t\t\t\t<img decoding=\"async\" src=\"https:\/\/arantest0001.orbidi.dev\/wp-content\/plugins\/elementor\/assets\/images\/placeholder.png\" title=\"\" alt=\"\" loading=\"lazy\" \/>\t\t\t\t\t\t\t\t\t\t\t\t\t\t\t<\/div>\n\t\t\t\t<\/div>\n\t\t\t\t<\/div>\n\t\t\t\t\t<\/div>\n\t\t\t\t<\/div>\n\t\t<div class=\"elementor-element elementor-element-3df399ca e-flex e-con-boxed e-con e-parent\" data-id=\"3df399ca\" data-element_type=\"container\">\n\t\t\t\t\t<div class=\"e-con-inner\">\n\t\t<div class=\"elementor-element elementor-element-2ae4c790 e-con-full e-flex e-con e-child\" data-id=\"2ae4c790\" data-element_type=\"container\">\n\t\t\t\t<div class=\"elementor-element elementor-element-68f4f15e elementor-widget elementor-widget-image\" data-id=\"68f4f15e\" data-element_type=\"widget\" data-widget_type=\"image.default\">\n\t\t\t\t<div class=\"elementor-widget-container\">\n\t\t\t\t\t\t\t\t\t\t\t\t\t\t\t<img fetchpriority=\"high\" decoding=\"async\" width=\"626\" height=\"326\" src=\"https:\/\/arantest0001.orbidi.dev\/wp-content\/uploads\/2025\/05\/yoga-sportsmen-park-performs-exercise-outdoors-outdoor-morning-telephoto-shot_274719-859.jpg\" class=\"attachment-full size-full wp-image-27\" alt=\"\" srcset=\"https:\/\/arantest0001.orbidi.dev\/wp-content\/uploads\/2025\/05\/yoga-sportsmen-park-performs-exercise-outdoors-outdoor-morning-telephoto-shot_274719-859.jpg 626w, https:\/\/arantest0001.orbidi.dev\/wp-content\/uploads\/2025\/05\/yoga-sportsmen-park-performs-exercise-outdoors-outdoor-morning-telephoto-shot_274719-859-300x156.jpg 300w\" sizes=\"(max-width: 626px) 100vw, 626px\" \/>\t\t\t\t\t\t\t\t\t\t\t\t\t\t\t<\/div>\n\t\t\t\t<\/div>\n\t\t\t\t<\/div>\n\t\t<div class=\"elementor-element elementor-element-116eea36 e-con-full e-flex e-con e-child\" data-id=\"116eea36\" data-element_type=\"container\">\n\t\t\t\t<div class=\"elementor-element elementor-element-71e1eecd elementor-widget elementor-widget-heading\" data-id=\"71e1eecd\" data-element_type=\"widget\" data-widget_type=\"heading.default\">\n\t\t\t\t<div class=\"elementor-widget-container\">\n\t\t\t\t\t<h2 class=\"elementor-heading-title elementor-size-default\">\"Descubre la Armon\u00eda Interior con Masajes Kobido, Reflexolog\u00eda Facial y Yoga Meditativo\"<\/h2>\t\t\t\t<\/div>\n\t\t\t\t<\/div>\n\t\t\t\t<div class=\"elementor-element elementor-element-40f2f9a6 elementor-widget elementor-widget-text-editor\" data-id=\"40f2f9a6\" data-element_type=\"widget\" data-widget_type=\"text-editor.default\">\n\t\t\t\t<div class=\"elementor-widget-container\">\n\t\t\t\t\t\t\t\t\t<p>&#8220;Descubra la Armon\u00eda Interior: Masajes Kobido, Reflexolog\u00eda Facial y Yoga&#8221;<\/p>\t\t\t\t\t\t\t\t<\/div>\n\t\t\t\t<\/div>\n\t\t\t\t<\/div>\n\t\t\t\t\t<\/div>\n\t\t\t\t<\/div>\n\t\t<div class=\"elementor-element elementor-element-58492d5c e-flex e-con-boxed e-con e-parent\" data-id=\"58492d5c\" data-element_type=\"container\" data-settings=\"{&quot;background_background&quot;:&quot;classic&quot;}\">\n\t\t\t\t\t<div class=\"e-con-inner\">\n\t\t<div class=\"elementor-element elementor-element-6c16db48 e-con-full e-flex e-con e-child\" data-id=\"6c16db48\" data-element_type=\"container\">\n\t\t\t\t<div class=\"elementor-element elementor-element-4ed47e13 elementor-widget elementor-widget-image\" data-id=\"4ed47e13\" data-element_type=\"widget\" data-widget_type=\"image.default\">\n\t\t\t\t<div class=\"elementor-widget-container\">\n\t\t\t\t\t\t\t\t\t\t\t\t\t\t\t<img decoding=\"async\" width=\"626\" height=\"352\" src=\"https:\/\/arantest0001.orbidi.dev\/wp-content\/uploads\/2025\/05\/beautiful-model-walking-forest-smiling-gently-closeup-cute-woman-strolling-park_723208-24009.jpg\" class=\"attachment-full size-full wp-image-28\" alt=\"\" srcset=\"https:\/\/arantest0001.orbidi.dev\/wp-content\/uploads\/2025\/05\/beautiful-model-walking-forest-smiling-gently-closeup-cute-woman-strolling-park_723208-24009.jpg 626w, https:\/\/arantest0001.orbidi.dev\/wp-content\/uploads\/2025\/05\/beautiful-model-walking-forest-smiling-gently-closeup-cute-woman-strolling-park_723208-24009-300x169.jpg 300w\" sizes=\"(max-width: 626px) 100vw, 626px\" \/>\t\t\t\t\t\t\t\t\t\t\t\t\t\t\t<\/div>\n\t\t\t\t<\/div>\n\t\t\t\t<\/div>\n\t\t<div class=\"elementor-element elementor-element-2708a4c8 e-con-full e-flex e-con e-child\" data-id=\"2708a4c8\" data-element_type=\"container\">\n\t\t\t\t<div class=\"elementor-element elementor-element-2747b09f elementor-widget elementor-widget-heading\" data-id=\"2747b09f\" data-element_type=\"widget\" data-widget_type=\"heading.default\">\n\t\t\t\t<div class=\"elementor-widget-container\">\n\t\t\t\t\t<h2 class=\"elementor-heading-title elementor-size-default\">\"Rejuvenecimiento y Serenidad: Masajes Kobido, Reflexolog\u00eda y Yoga Meditativo\"<\/h2>\t\t\t\t<\/div>\n\t\t\t\t<\/div>\n\t\t\t\t<div class=\"elementor-element elementor-element-5a211e06 elementor-widget elementor-widget-text-editor\" data-id=\"5a211e06\" data-element_type=\"widget\" data-widget_type=\"text-editor.default\">\n\t\t\t\t<div class=\"elementor-widget-container\">\n\t\t\t\t\t\t\t\t\t<p>&#8220;Despertando tu Ser Interno: Masajes Kobido, Reflexolog\u00eda Facial y Yoga&#8221;<\/p>\t\t\t\t\t\t\t\t<\/div>\n\t\t\t\t<\/div>\n\t\t\t\t<\/div>\n\t\t\t\t\t<\/div>\n\t\t\t\t<\/div>\n\t\t<div class=\"elementor-element elementor-element-51f685aa e-flex e-con-boxed e-con e-parent\" data-id=\"51f685aa\" data-element_type=\"container\">\n\t\t\t\t\t<div class=\"e-con-inner\">\n\t\t<div class=\"elementor-element elementor-element-75a0539c e-con-full e-flex e-con e-child\" data-id=\"75a0539c\" data-element_type=\"container\">\n\t\t\t\t<div class=\"elementor-element elementor-element-70d31d4e elementor-widget elementor-widget-image\" data-id=\"70d31d4e\" data-element_type=\"widget\" data-widget_type=\"image.default\">\n\t\t\t\t<div class=\"elementor-widget-container\">\n\t\t\t\t\t\t\t\t\t\t\t\t\t\t\t<img decoding=\"async\" width=\"626\" height=\"417\" src=\"https:\/\/arantest0001.orbidi.dev\/wp-content\/uploads\/2025\/05\/portrait-excited-woman-holding-food-while-sitting-grassy-field-by-lake-park_1048944-559572.jpg\" class=\"attachment-full size-full wp-image-29\" alt=\"\" srcset=\"https:\/\/arantest0001.orbidi.dev\/wp-content\/uploads\/2025\/05\/portrait-excited-woman-holding-food-while-sitting-grassy-field-by-lake-park_1048944-559572.jpg 626w, https:\/\/arantest0001.orbidi.dev\/wp-content\/uploads\/2025\/05\/portrait-excited-woman-holding-food-while-sitting-grassy-field-by-lake-park_1048944-559572-300x200.jpg 300w\" sizes=\"(max-width: 626px) 100vw, 626px\" \/>\t\t\t\t\t\t\t\t\t\t\t\t\t\t\t<\/div>\n\t\t\t\t<\/div>\n\t\t\t\t<\/div>\n\t\t<div class=\"elementor-element elementor-element-683a4477 e-con-full e-flex e-con e-child\" data-id=\"683a4477\" data-element_type=\"container\">\n\t\t\t\t<div class=\"elementor-element elementor-element-1c6e7674 elementor-widget elementor-widget-heading\" data-id=\"1c6e7674\" data-element_type=\"widget\" data-widget_type=\"heading.default\">\n\t\t\t\t<div class=\"elementor-widget-container\">\n\t\t\t\t\t<h2 class=\"elementor-heading-title elementor-size-default\">\"Rejuvenece y Renueva tu Energ\u00eda con Masajes Kobido y Yoga Meditativo\"<\/h2>\t\t\t\t<\/div>\n\t\t\t\t<\/div>\n\t\t\t\t<div class=\"elementor-element elementor-element-3b199af8 elementor-widget elementor-widget-text-editor\" data-id=\"3b199af8\" data-element_type=\"widget\" data-widget_type=\"text-editor.default\">\n\t\t\t\t<div class=\"elementor-widget-container\">\n\t\t\t\t\t\t\t\t\t<p>&#8220;Descubre el Poder del Yoga y la Reflexolog\u00eda para tu Bienestar Integral&#8221;<\/p>\t\t\t\t\t\t\t\t<\/div>\n\t\t\t\t<\/div>\n\t\t\t\t<\/div>\n\t\t\t\t\t<\/div>\n\t\t\t\t<\/div>\n\t\t\t\t<\/div>\n\t\t","protected":false},"excerpt":{"rendered":"<p>&#8220;Explora el Bienestar: Masajes Kobido, Reflexolog\u00eda Facial y Yoga Meditativo&#8221; &#8220;Renueva Tu Energ\u00eda Con Masajes Kobido, Reflexolog\u00eda Facial y Sesiones de Yoga y Meditaci\u00f3n&#8221; &#8220;Descubra el Equilibrio con Yoga, Masajes Kobido y Reflexolog\u00eda Facial&#8221; &#8220;Descubre la Armon\u00eda Interior con Masajes Kobido, Reflexolog\u00eda Facial y Yoga Meditativo&#8221; &#8220;Descubra la Armon\u00eda Interior: Masajes Kobido, Reflexolog\u00eda Facial y [&hellip;]<\/p>\n","protected":false},"author":2,"featured_media":0,"parent":0,"menu_order":0,"comment_status":"closed","ping_status":"closed","template":"","meta":{"footnotes":""},"class_list":["post-36","page","type-page","status-publish","hentry"],"_links":{"self":[{"href":"https:\/\/arantest0001.orbidi.dev\/index.php\/wp-json\/wp\/v2\/pages\/36","targetHints":{"allow":["GET"]}}],"collection":[{"href":"https:\/\/arantest0001.orbidi.dev\/index.php\/wp-json\/wp\/v2\/pages"}],"about":[{"href":"https:\/\/arantest0001.orbidi.dev\/index.php\/wp-json\/wp\/v2\/types\/page"}],"author":[{"embeddable":true,"href":"https:\/\/arantest0001.orbidi.dev\/index.php\/wp-json\/wp\/v2\/users\/2"}],"replies":[{"embeddable":true,"href":"https:\/\/arantest0001.orbidi.dev\/index.php\/wp-json\/wp\/v2\/comments?post=36"}],"version-history":[{"count":4,"href":"https:\/\/arantest0001.orbidi.dev\/index.php\/wp-json\/wp\/v2\/pages\/36\/revisions"}],"predecessor-version":[{"id":73,"href":"https:\/\/arantest0001.orbidi.dev\/index.php\/wp-json\/wp\/v2\/pages\/36\/revisions\/73"}],"wp:attachment":[{"href":"https:\/\/arantest0001.orbidi.dev\/index.php\/wp-json\/wp\/v2\/media?parent=36"}],"curies":[{"name":"wp","href":"https:\/\/api.w.org\/{rel}","templated":true}]}}